hest common divisor of 101015 and 482825?
445
Calculate the greatest common factor of 68226 and 311250.
498
Calculate the highest common factor of 15020808 and 1224.
24
Calculate the greatest common divisor of 132 and 478852.
44
Calculate the highest common factor of 88123 and 945.
7
Calculate the highest common divisor of 79760 and 118872310.
9970
Calculate the highest common factor of 47 and 901271765.
47
What is the greatest common divisor of 1446275 and 58100?
2075
What is the highest common divisor of 1229 and 16917185?
1229
Calculate the highest common factor of 4084 and 6690613.
1021
What is the highest common divisor of 132790 and 2660?
70
What is the greatest common factor of 13433515 and 31990?
2285
What is the greatest common divisor of 7594599153 and 2487?
2487
Calculate the greatest common divisor of 78588576 and 1728.
864
Calculate the greatest common factor of 46992271 and 739.
739
What is the greatest common divisor of 5474 and 867629?
2737
What is the highest common factor of 28 and 29436428?
28
Calculate the greatest common factor of 18912 and 1925478.
1182
What is the highest common divisor of 1525 and 292739?
61
What is the greatest common divisor of 141246 and 8388030?
2478
What is the greatest common factor of 43989 and 1308417?
1023
Calculate the highest common divisor of 5721552 and 14688.
144
What is the greatest common factor of 207739 and 7120120?
413
What is the greatest common factor of 175 and 14607187?
7
Calculate the greatest common factor of 826 and 1866642.
118
What is the highest common divisor of 42 and 96943910?
14
What is the greatest common divisor of 1326 and 565813482?
1326
Calculate the greatest common divisor of 14 and 142509829.
7
Calculate the highest common divisor of 213622 and 34578.
34
Calculate the greatest common divisor of 19321393 and 24388.
6097
Calculate the highest common divisor of 947618 and 2396.
1198
What is the greatest common factor of 721 and 3098549?
103
What is the highest common factor of 1620 and 464535?
405
What is the highest common factor of 306816 and 1068216?
1128
What is the highest common divisor of 96410 and 28055?
155
What is the greatest common factor of 795654 and 2376?
18
What is the greatest common divisor of 37129 and 2140?
107
Calculate the highest common factor of 24119 and 1399080.
89
Calculate the highest common divisor of 688 and 9990048.
16
Calculate the greatest common factor of 6 and 16705488.
6
What is the greatest common divisor of 267105 and 23520?
15
What is the greatest common factor of 209 and 40407433?
209
What is the greatest common divisor of 28208 and 302677?
43
What is the highest common factor of 64768957 and 649?
11
What is the highest common factor of 4196720 and 912?
304
Calculate the highest common factor of 1755280 and 1628.
148
What is the highest common factor of 20617471 and 14?
7
What is the highest common factor of 9706114 and 528?
22
What is the highest common divisor of 60 and 155882910?
30
What is the greatest common factor of 3544704 and 208?
16
What is the greatest common factor of 49500334 and 13?
13
What is the highest common factor of 1976162 and 282?
94
Calculate the greatest common factor of 49836 and 85476.
12
What is the greatest common factor of 8478345 and 270?
15
What is the greatest common factor of 3471873 and 23115?
4623
Calculate the highest common divisor of 198 and 2375982.
18
Calculate the highest common factor of 1261 and 361751.
13
Calculate the highest common factor of 29274 and 16989826.
574
What is the greatest common divisor of 461931 and 145314552?
14901
Calculate the greatest common divisor of 114543 and 86229.
1287
What is the greatest common factor of 81726195 and 15?
15
Calculate the highest common factor of 336 and 93368688.
336
Calculate the greatest common divisor of 1185440 and 245.
5
What is the highest common factor of 3137154 and 4572?
762
Calculate the greatest common factor of 26537 and 54485.
17
Calculate the greatest common factor of 8640 and 45762240.
960
What is the greatest common divisor of 1730 and 1522530?
10
Calculate the greatest common divisor of 7315 and 803957.
77
Calculate the greatest common factor of 37 and 1264267726.
37
Calculate the highest common factor of 40470 and 4851270.
570
What is the greatest common divisor of 234 and 8736534?
18
What is the greatest common factor of 56954447 and 1538?
769
Calculate the greatest common factor of 26481 and 52143.
273
Calculate the highest common factor of 25143 and 53934693.
1479
What is the greatest common divisor of 500 and 812983625?
125
What is the highest common factor of 3604 and 102493?
17
What is the greatest common divisor of 149884468 and 828?
92
What is the greatest common factor of 269568 and 392769?
1053
Calculate the highest common factor of 1562 and 157553.
11
Calculate the greatest common factor of 114682 and 54919186.
6746
What is the highest common divisor of 3363625 and 30175?
1775
Calculate the highest common factor of 527208 and 102696.
264
What is the greatest common factor of 22532 and 572732?
524
What is the highest common divisor of 13124 and 245548?
68
Calculate the highest common factor of 108 and 3560600.
4
What is the greatest common factor of 1318337 and 86903?
1849
What is the highest common factor of 48 and 3638844?
12
What is the highest common divisor of 24 and 15921372?
12
What is the highest common divisor of 7820 and 2433720?
340
Calculate the greatest common divisor of 195510 and 221970.
1470
What is the greatest common factor of 291710655 and 165?
15
What is the highest common divisor of 3489616 and 19760?
3952
Calculate the greatest common factor of 301948 and 45530.
58
What is the highest common divisor of 91211894 and 524?
262
What is the greatest common divisor of 105323 and 31?
1
What is the highest common factor of 632258034 and 6?
6
What is the highest common factor of 1284 and 969634?
214
What is the greatest common factor of 137647 and 5167595?
2333
Calculate the greatest common divisor of 9371858 and 17608.
4402
Calculate the highest common factor of 7297473 and 54723.
3219
Calculate the highest common factor of 11553920 and 2065.
35
What is the highest common divisor of 6700533 and 1785?
357
Calculate the greatest common factor of 4131 and 5374737.
153
Calculate the greatest common factor of 16462420 and 1040.
260
What is the highest common factor of 391 and 12257091?
23
Calculate the greatest common divisor of 1048 and 12214964.
524
Calculate the highest common divisor of 770 and 4984925.
55
Calculate the greatest common divisor of 980820 and 308340.
180
Calculate the greatest common factor of 44 and 1586498034.
22
Calculate the greatest common divisor of 40386 and 163703.
127
What is the highest common factor of 49850952 and 636?
636
What is the highest common factor of 45114 and 55626?
438
Calculate the highest common divisor of 13920696 and 22968.
2088
Calculate the greatest common divisor of 126017802 and 27.
27
What is the highest common factor of 1798 and 30855478?
1798
What is the highest common factor of 205 and 107520?
5
What is the highest common factor of 6435068 and 572924?
1796
What is the highest common factor of 3806736 and 263612?
4468
What is the highest common factor of 1456 and 139058920?
728
Calculate the highest common divisor of 24002336 and 188.
188
What is the greatest common divisor of 1914845 and 7375?
295
What is the highest common factor of 25239 and 3381509?
47
What is the greatest common divisor of 208 and 63453052?
52
Calculate the highest common divisor of 13376 and 179982.
22
What is the greatest common factor of 20107020 and 20?
20
What is the highest common factor of 9576 and 90735336?
1368
What is the greatest common factor of 193 and 12666783?
193
Calculate the greatest common divisor of 175899400 and 345.
115
What is the highest common factor of 26735273 and 2?
1
Calculate the greatest common factor of 230 and 11109138.
46
What is the highest common factor of 116 and 9150028?
4
Calculate the highest common factor of 5310755 and 5395.
415
Calculate the highest common factor of 24 and 833624.
8
What is the greatest common factor of 24 and 6765734328?
24
What is the greatest common factor of 30720 and 92940?
60
Calculate the highest common divis